 a multiple of 19?
False
Is 207721332 a multiple of 2334?
True
Is 7442610 a multiple of 305?
True
Is 2303 a factor of 520353638?
True
Does 364 divide 17957576?
True
Does 13 divide 11408152899?
True
Is 80859888 a multiple of 36?
True
Is 60 a factor of 2526630?
False
Is 10 a factor of 3156522700?
True
Is 574 a factor of 235782554?
True
Is 284 a factor of 419005648?
True
Is 941 a factor of 20849737?
True
Is 99615297 a multiple of 792?
False
Is 665107647 a multiple of 4863?
True
Is 90 a factor of 378239047?
False
Does 1757 divide 117408011?
True
Is 50315043 a multiple of 246?
False
Is 446054916 a multiple of 4728?
False
Is 8 a factor of 73590824?
True
Does 34 divide 5855140?
True
Is 11 a factor of 4766325?
False
Is 2212800281 a multiple of 5473?
False
Is 4072 a factor of 179109531?
False
Is 2039725057 a multiple of 159?
False
Does 246 divide 54101373?
False
Does 8 divide 9055561?
False
Is 585383158 a multiple of 830?
False
Does 17 divide 542500884?
False
Is 10416041 a multiple of 7?
False
Is 421 a factor of 43794525?
True
Is 496163903 a multiple of 557?
True
Does 20 divide 144921540?
True
Is 11 a factor of 596704059?
False
Is 21385076 a multiple of 5?
False
Does 244 divide 28338726?
False
Is 15 a factor of 2668155?
True
Is 97495850 a multiple of 230?
True
Does 145 divide 159856700?
True
Is 3793 a factor of 96717707?
True
Is 1424376402 a multiple of 11868?
False
Is 402619681 a multiple of 46?
False
Is 258634122 a multiple of 4?
False
Is 562 a factor of 122155196?
True
Does 13 divide 56749603?
False
Is 1270464070 a multiple of 111?
False
Does 5 divide 846910034?
False
Is 9004246 a multiple of 1635?
False
Is 17 a factor of 199071258?
True
Is 780 a factor of 1388801700?
True
Is 311520984 a multiple of 12?
True
Does 182 divide 31546015?
False
Does 1086 divide 360663199?
False
Is 1139047001 a multiple of 45?
False
Is 83320690 a multiple of 218?
True
Is 1663998562 a multiple of 2245?
False
Is 34 a factor of 48007106?
False
Is 139 a factor of 11917703?
False
Is 46 a factor of 2308194057?
False
Is 2 a factor of 595470349?
False
Is 13181080 a multiple of 10?
True
Is 1151 a factor of 1212093727?
False
Is 29544440 a multiple of 386?
True
Is 5225464947 a multiple of 663?
False
Is 305331 a multiple of 4?
False
Does 1087 divide 56536556?
False
Is 1984321 a multiple of 3?
False
Is 265 a factor of 73947271?
False
Is 93 a factor of 47054931?
True
Is 8 a factor of 2706649000?
True
Is 1546 a factor of 33236375?
False
Does 74 divide 159649176?
False
Does 94 divide 84786684?
True
Is 468 a factor of 334497186?
False
Is 27 a factor of 227529600?
False
Is 35 a factor of 55245487?
False
Is 860 a factor of 264751860?
True
Does 2664 divide 56404243?
False
Is 922417947 a multiple of 33?
True
Is 789294621 a multiple of 10?
False
Is 306014789 a multiple of 347?
True
Does 1712 divide 1592045296?
True
Is 27719469 a multiple of 220?
False
Is 162 a factor of 30497299?
False
Does 2 divide 17025005?
False
Does 18 divide 290983801?
False
Is 12554080 a multiple of 32?
True
Is 37017567 a multiple of 426?
False
Is 309 a factor of 19902381?
True
Is 2557 a factor of 378118932?
True
Does 558 divide 374411388?
False
Is 72131766 a multiple of 11?
False
Is 854321963 a multiple of 11?
True
Is 276942744 a multiple of 71?
False
Is 22280617 a multiple of 475?
False
Does 12 divide 56569004?
False
Is 8106240 a multiple of 256?
True
Is 31 a factor of 58357841?
True
Is 910456487 a multiple of 1490?
False
Does 1980 divide 18928892?
False
Is 461 a factor of 62397272?
True
Is 74774010 a multiple of 1610?
False
Is 40 a factor of 53863050?
False
Does 39 divide 1757642955?
False
Does 157 divide 33458741?
True
Is 523 a factor of 2427766?
True
Is 635563853 a multiple of 23?
True
Is 563 a factor of 18992242?
True
Is 6322161 a multiple of 351?
False
Is 365030223 a multiple of 57?
True
Is 11679438 a multiple of 98?
False
Is 345699270 a multiple of 630?
True
Does 662 divide 130806566?
True
Is 387 a factor of 5398650?
True
Is 26 a factor of 890999440?
False
Is 280 a factor of 14954800?
True
Is 196 a factor of 470998032?
False
Is 38 a factor of 979247992?
True
Is 71609308 a multiple of 1327?
False
Is 617990140 a multiple of 47?
False
Is 33 a factor of 265028214?
True
Is 596 a factor of 168757212?
False
Is 2888 a factor of 36532133?
False
Is 31721877 a multiple of 10?
False
Is 184405545 a multiple of 969?
True
Does 28 divide 55170402?
False
Does 26 divide 531394812?
True
Is 19 a factor of 1786328?
False
Does 16 divide 75001736?
False
Is 401861706 a multiple of 69?
False
Is 22732497 a multiple of 67?
True
Is 4239484899 a multiple of 2509?
True
Is 91149874 a multiple of 8?
False
Is 102 a factor of 18883322?
False
Is 604992161 a multiple of 23?
True
Does 16 divide 297872864?
True
Does 50 divide 1340516793?
False
Does 79 divide 28100616?
True
Is 15 a factor of 2065295096?
False
Is 3313875435 a multiple of 39?
True
Does 42 divide 31726380?
True
Does 96 divide 1062461054?
False
Is 23044098 a multiple of 31?
True
Is 16 a factor of 1229512391?
False
Is 927 a factor of 225748602?
True
Is 10 a factor of 74053330?
True
Is 56 a factor of 159089560?
True
Does 5 divide 34547347?
False
Is 115 a factor of 1983974595?
True
Is 1519275269 a multiple of 2691?
False
Does 17 divide 77254055?
False
Is 5846 a factor of 651051482?
True
Does 32 divide 134299040?
True
Is 4674592 a multiple of 68?
True
Is 4561549 a multiple of 412?
False
Is 109 a factor of 823747223?
False
Does 2151 divide 1523748519?
False
Is 29 a factor of 1356961185?
True
Is 6 a factor of 36707561?
False
Does 1507 divide 17040491?
False
Does 108 divide 5023836?
True
Is 1895612161 a multiple of 670?
False
Is 2897156 a multiple of 9?
False
Does 8 divide 9624895?
False
Is 25 a factor of 98904925?
True
Is 31965796 a multiple of 1065?
False
Does 140 divide 5187333?
False
Is 2419013940 a multiple of 210?
True
Does 2942 divide 34127200?
True
Is 67 a factor of 31743193?
True
Does 360 divide 57219840?
True
Is 187 a factor of 4351087988?
False
Does 57 divide 150604313?
False
Does 189 divide 432044928?
True
Is 1364240102 a multiple of 46?
False
Is 73607358 a multiple of 94?
True
Does 101 divide 22152481?
False
Is 665 a factor of 646458965?
False
Is 185 a factor of 80978200?
True
Is 207063953 a multiple of 500?
False
Does 5 divide 29614340?
True
Is 12 a factor of 24594129?
False
Does 124 divide 32693135?
False
Does 27 divide 779661315?
True
Does 93 divide 451090083?
True
Is 134 a factor of 127341004?
True
Is 228458130 a multiple of 3606?
True
Is 8 a factor of 1350828222?
False
Does 49 divide 106919960?
True
Does 8 divide 341411339?
False
Does 682 divide 770560428?
True
Is 8434 a factor of 673211307?
False
Is 3602 a factor of 1715484918?
True
Does 15 divide 88036811?
False
Does 218 divide 1227672065?
False
Is 20 a factor of 7565517?
False
Is 3 a factor of 10592704?
False
Is 246696770 a multiple of 25?
False
Is 739 a factor of 378884314?
False
Does 294 divide 12146316?
True
Does 400 divide 443175200?
True
Is 1675 a factor of 14587575?
True
Is 677945399 a multiple of 95?
False
Is 5 a factor of 300429780?
True
Does 2 divide 18762061?
False
Does 11260 divide 2481715820?
False
Does 28 divide 472952970?
False
Is 643 a factor of 117438578?
False
Does 1125 divide 18033030?
False
Is 74718261 a multiple of 22?
False
Is 30721745 a multiple of 9?
False
Is 6189 a factor of 981333489?
False
Is 3046063688 a multiple of 2878?
True
Is 180372816 a multiple of 52?
True
Does 333 divide 38042253?
True
Is 56 a factor of 1603476275?
False
Does 21 divide 19839372?
True
Is 443476576 a multiple of 2189?
False
Does 5979 divide 643125156?
True
Is 2583057 a multiple of 80?
False
Is 4615010 a multiple of 37?
True
Is 488828340 a multiple of 12?
True
Is 22444866 a multiple of 545?
False
Is 130249344 a multiple of 354?
True
Does 35 divide 47818027?
False
Is 76122732 a multiple of 1160?
False
Is 12602532 a multiple of 21?
False
Does 3686 divide 2007997?
False
Is 441339672 a multiple of 9?
False
Is 3572137128 a multiple of 8533?
False
Is 1451087 a multiple of 1007?
True
Is 4 a factor of 59345784?
True
Is 70400875 a multiple of 117?
False
Is 18 a factor of 44784036?
True
Does 47 divide 106145599?
True
Is 8614 a factor of 1266954127?
False
Is 1162835447 a multiple of 1419?
False
Does 10 divide 5996840?
True
Is 86 a fa